3*u**2 + 17*u + 19. Let z be b(13). What is the tens digit of -1 + (z/(-5))/5?
5
Let k(y) = 9*y**2 + 2*y - 3. Suppose -4*j = 2*g + 10, -4*g = -3*j + 5*j - 4. What is the units digit of k(g)?
4
Let z be (1/(-1))/(7/(-14)). Suppose 127 = 8*c - 177. Let i = c + z. What is the units digit of i?
0
Let b(y) = -y**3 - 6*y**2 - 2*y + 3. Let u(r) = -r + 3. Let t be u(10). What is the tens digit of b(t)?
6
Let s = 16 + -11. Suppose 0 + 2 = 3*i - s*o, 0 = 2*i - 2*o - 4. Suppose 49 - 265 = -i*b. What is the tens digit of b?
5
Let z(c) = c**2 + 2*c + 48. What is the tens digit of z(11)?
9
Suppose -3*q + 177 = -0*p - 4*p, 3*p + q + 149 = 0. Let a be -4 + (9/2)/(-9)*-22. What is the units digit of a/(-4*3/p)?
8
Let h(c) = 63*c - 18. What is the tens digit of h(15)?
2
Suppose -b + 5*a - 8 = 0, -2 = -2*a + a. Suppose -b*o + 2718 = 7*o. What is the units digit of o?
2
Suppose -6*o + 1380 = -3*o. Suppose -6*p = -p - o. What is the tens digit of p?
9
Suppose 0 = -34*d + 17474 + 19688. What is the thousands digit of d?
1
Suppose -4*a = b - 4808, 3607 = 3*a + 4*b - 3*b. What is the hundreds digit of a?
2
Let f(i) be the second derivative of -7*i**3/6 + 6*i**2 - 4*i. Let o(c) = 6*c - 13. Let k(z) = -5*f(z) - 6*o(z). What is the units digit of k(0)?
8
Let m = 402 + -245. What is the hundreds digit of m?
1
What is the units digit of 9/3*((-2690)/(-30))/1?
9
Let u = -11 - -14. Suppose -2*t - 1540 = -5*v, -u*v = -2*v + 4*t - 330. Suppose -v = h - 6*h. What is the tens digit of h?
6
Let y(g) = g + 11. Let i be y(11). Let c = i - -31. What is the tens digit of c?
5
Let c(h) = -733*h**3 + 3*h**2 + 9*h + 7. What is the units digit of c(-1)?
4
Let k(r) = 42*r**2 - 13*r - 39. What is the tens digit of k(-5)?
7
Let j(q) = -5*q + q**3 + 5*q**2 + 2 - 9*q**2 - 9*q**2. Let i be j(14). Let a = i + -76. What is the units digit of a?
2
Suppose -7*x + 2201 = 5*c - 8*x, 3*c - 4*x - 1307 = 0. What is the hundreds digit of c?
4
Let p(c) be the third derivative of c**6/120 - c**5/30 + c**4/24 + 5*c**3/6 - 12*c**2. What is the units digit of p(4)?
1
Let g(m) = 0 + 9*m**3 - 2*m - 2 + 5*m - 2*m**2. Let b = 23 + -21. What is the tens digit of g(b)?
6
What is the hundreds digit of 5*174 - 7*27/63?
8
Let c = 52 + -40. Let h = c + 114. What is the tens digit of h?
2
Let m = -31 + 34. Suppose -c - 3*l + 26 = -8, 0 = -m*c + 2*l + 69. What is the units digit of c?
5
Suppose -972 = -25*z - 2*z. What is the units digit of z?
6
Suppose 3*h = f + 202, -3*f - 175 = -3*h + 23. Let q(s) = s**3 - 3*s + 3. Let k be q(2). Suppose -2*l = -3*x + h, x - k*l = 1 - 0. What is the units digit of x?
6
Let s be ((-2)/6)/((-1)/282). Suppose 74 = 4*a - s. Suppose -a = -0*b - 3*b. What is the units digit of b?
4
Let g(x) = -8*x - 14. Let f(v) = -v - 1. Let s(y) = -3*f(y) + g(y). What is the tens digit of s(-14)?
5
Let u(m) = 2*m**3 - 4*m**2 - 10*m - 6. What is the hundreds digit of u(7)?
4
Let y = 436 + -219. Let j = y - -21. What is the hundreds digit of j?
2
Suppose 50*f - 56727 = 44773. What is the units digit of f?
0
Let q = 4796 + -1204. What is the tens digit of q?
9
Let s(u) = 406*u - 2. What is the tens digit of s(1)?
0
Let a = 1211 + 1129. What is the hundreds digit of a?
3
Let l(i) = 4*i**2 - 3*i - 1. Let w be l(-2). Let o be 4/(-8) - w/(-2). Let s = o - 4. What is the units digit of s?
6
Let s(m) = -13*m**3 - m. Let w be s(-1). Suppose -114*d + 107*d + 42 = 0. Suppose 2*n - d*n + 33 = 5*l, 4*l - w = 3*n. What is the units digit of l?
5
Suppose 0 = 78*f - 8*f - 68810. What is the units digit of f?
3
Let o be 1134/(-56) + (-2)/(-8). Let h be 1 + 75/o*-4. What is the tens digit of (-300)/(-2)*8/h?
7
What is the tens digit of ((-960)/72)/(1/(-18))?
4
Suppose 0 = -4*t - t - u + 1074, -u = -4*t + 861. What is the tens digit of t?
1
Let s(m) = m**3 + 10*m**2 - m + 4. Let i be s(-10). Let z = -10 + i. Suppose 2*d + 2*d - z = 0. What is the units digit of d?
1
Let z = 23 - 27. Let u be 15 + (-2 - (-1 + z)). What is the units digit of u + (-8 - -4)/1?
4
Let d(v) = 42*v**3 + 2*v**2 + v. Let x(n) = -n**3. Let c(z) = -d(z) + 5*x(z). What is the units digit of c(-1)?
6
Suppose 0 = -z + 2*p - 5 + 16, 0 = 2*p + 8. What is the hundreds digit of (-237)/(0 + 3/(z/(-1)))?
2
Let y(t) = -4*t**3 - 4*t**2 + 3*t + 11. Let k be y(-4). Suppose -v = 7*m - 4*m - k, 0 = 3*m + 2*v - 196. What is the units digit of m - -10 - -1*1?
3
Suppose -15 = 5*p - 10*p. What is the units digit of (-2*452/16)/(p/(-6))?
3
Let t(u) = 4*u**2 - 23*u + 63. What is the units digit of t(12)?
3
Suppose 3*u - 9*u + 216 = 0. Let k = -2 - -2. Suppose k = 4*i + 4*f - u, i + 0*f + 5*f - 29 = 0. What is the units digit of i?
4
Let d be ((-12 - -3) + 5)*81/(-2). Let y = d - 36. What is the tens digit of y?
2
Let f = 4 - 9. Let t(c) = c**3 + 4*c**2 - 6*c. Let r be t(f). Suppose -5*d = -4*w - 18, r*d + 0*w + w = 33. What is the units digit of d?
6
Suppose 0 = -q + u - 2, 0 = -3*q - u + 4 + 6. Suppose 0 = i + q*i. Suppose 3*f - 38 - 1 = i. What is the units digit of f?
3
Suppose -3*g + 1416 = -3*q, 29*g - 939 = 27*g - 3*q. What is the hundreds digit of g?
4
Let r = 173 - 48. Suppose r = -k - 4*k. Let t = k + 47. What is the units digit of t?
2
What is the hundreds digit of 23*(-10)/4*48/(-24)?
1
Let q = -172 + 298. What is the hundreds digit of q?
1
Let p(s) = 28*s - 371. What is the units digit of p(44)?
1
Let o(h) = -2*h - 12. Let n be o(-9). Suppose -2*u = -4*y - 90, y - 170 = 3*u - n*u. What is the units digit of u?
5
Suppose 0 = -27*s + 33*s - 3246. What is the hundreds digit of s?
5
Let s(d) = d**2 - 16*d - 22. Let l be s(-10). Suppose -3*g - l + 751 = 0. What is the units digit of g?
1
Suppose 9*a + 2*a - 55 = 0. Let n(y) = 5*y - 1 + 0 + 0. What is the tens digit of n(a)?
2
Suppose 14 = 5*k - 6. Suppose 0 = 11*a - k*a - 525. What is the units digit of a?
5
What is the hundreds digit of (136/(-6))/(14/(-7644)*4)?
0
Suppose -3*t = -q - 1806, -2*t + 4*q + 1211 = q. What is the units digit of t?
1
Let l = 546 + -268. What is the hundreds digit of l?
2
Let p be 40/(-10) - (0 + -4). Let d(c) = c + 18*c**2 + c**2 + p*c. What is the units digit of d(-1)?
8
Suppose 3*c = -3*k + 12, -3 = 4*c - 4*k + 5. Suppose -n + 5 = c. Suppose -5*z = n*m - 39, -4*z + 3*m + 17 = -8. What is the units digit of z?
7
Let r be 0/(-3) - -189 - 1. Suppose -5*t + t + r = 0. What is the tens digit of t?
4
Let s(a) = -a**2 + 132*a - 5. What is the thousands digit of s(63)?
4
Let w(y) be the first derivative of -y**4/4 - 11*y**3/3 + 5*y**2 + 229. Let m(s) = s - 12. Let t be m(0). What is the tens digit of w(t)?
2
Let b = -98 + 314. What is the tens digit of b?
1
Suppose -2*f + 204 = 2*v, f = -f - 5*v + 204. Suppose 4*k - f = 3*k. What is the tens digit of k?
0
Suppose 2*u = 4*m - 9*m + 1732, -4*m - 3*u = -1387. What is the units digit of m?
6
Suppose -3 = -6*d + 5*d. Suppose -2*g - 2*b + 176 = 0, 0 = -2*g - 2*b - d*b + 185. Let z = g + -41. What is the tens digit of z?
4
Suppose 13*n + 5220 = 23*n. What is the tens digit of n?
2
Suppose 6*x = x + h - 73, -h + 45 = -3*x. Let f be x*(-2 - 12/(-7)). Suppose -f + 1 = -3*n. What is the units digit of n?
1
Let g(d) = -d**3 + 3*d**2 + d - 1. Let i be g(3). Suppose -3*m + 3*a = -i*m - 98, -a = -5. What is the units digit of m?
3
Let d(l) = l**2 + 9*l + 1. Let f(y) = -y - 1. Let a(p) = d(p) + 5*f(p). Let z be a(-5). What is the units digit of 32*(z + 0/1)?
2
Suppose -2*q = -6*q. Let s = 0 - q. Suppose -3*d + 5*b = -48, 4*b + s*b + 32 = 2*d. What is the tens digit of d?
1
Suppose 2015 + 4405 = 6*r. What is the thousands digit of r?
1
Suppose -2*s = 3*s. Suppose 12*n - 18 = 6. Suppose s = -f + 3*x - n*x + 25, -3*f - x + 91 = 0. What is the units digit of f?
9
Suppose 6671 = 12*d - 19669. What is the thousands digit of d?
2
Let j(m) be the third derivative of m**6/360 - m**5/40 - m**4/6 - m**3/3 - 11*m**2. Let x(t) be the first derivative of j(t). What is the tens digit of x(-5)?
3
Suppose -5*h - p = -102, 0*h - 3*h = 5*p - 48. Let f be (-70)/h*6/(-4). Suppose 2*u = f*u - 84. What is the units digit of u?
8
Let a(j) = 26*j**3 - 2 + 14*j + 10*j**2 + 26*j**3 - 53*j**3. What is the units digit of a(11)?
1
Let w(f) = f**2 - 8*f. Let i be w(6). What is the units digit of (-4)/((-32)/(-18))*i?
7
Let y(f) = 20*f - 17. Let n(k) = 18*k - 18. Let w(x) = 3*n(x) - 2